145?
141
What is the remainder when 57 is divided by 22?
13
Calculate the remainder when 33 is divided by 17.
16
Calculate the remainder when 71 is divided by 16.
7
What is the remainder when 3359 is divided by 198?
191
Calculate the remainder when 97 is divided by 2.
1
What is the remainder when 93 is divided by 17?
8
What is the remainder when 615 is divided by 28?
27
What is the remainder when 231 is divided by 103?
25
Calculate the remainder when 127 is divided by 36.
19
What is the remainder when 325 is divided by 42?
31
What is the remainder when 803 is divided by 100?
3
Calculate the remainder when 97 is divided by 31.
4
What is the remainder when 478 is divided by 60?
58
What is the remainder when 376 is divided by 260?
116
What is the remainder when 603 is divided by 229?
145
What is the remainder when 2238 is divided by 2213?
25
Calculate the remainder when 1162 is divided by 12.
10
Calculate the remainder when 7358 is divided by 23.
21
Calculate the remainder when 8141 is divided by 50.
41
Calculate the remainder when 415 is divided by 208.
207
What is the remainder when 306 is divided by 279?
27
What is the remainder when 19 is divided by 4?
3
What is the remainder when 79 is divided by 16?
15
Calculate the remainder when 710 is divided by 21.
17
Calculate the remainder when 207 is divided by 6.
3
Calculate the remainder when 3483 is divided by 441.
396
Calculate the remainder when 43337 is divided by 11.
8
Calculate the remainder when 56 is divided by 8.
0
Calculate the remainder when 738 is divided by 148.
146
Calculate the remainder when 117 is divided by 51.
15
What is the remainder when 129 is divided by 22?
19
What is the remainder when 1644 is divided by 61?
58
Calculate the remainder when 562 is divided by 277.
8
What is the remainder when 129 is divided by 2?
1
Calculate the remainder when 312 is divided by 165.
147
What is the remainder when 269 is divided by 31?
21
What is the remainder when 271 is divided by 251?
20
Calculate the remainder when 2242 is divided by 87.
67
Calculate the remainder when 287 is divided by 16.
15
What is the remainder when 1315 is divided by 14?
13
Calculate the remainder when 2458 is divided by 176.
170
What is the remainder when 95 is divided by 25?
20
What is the remainder when 224 is divided by 143?
81
What is the remainder when 113 is divided by 10?
3
What is the remainder when 223 is divided by 68?
19
What is the remainder when 1159 is divided by 83?
80
Calculate the remainder when 658 is divided by 110.
108
Calculate the remainder when 267 is divided by 56.
43
What is the remainder when 420 is divided by 29?
14
Calculate the remainder when 82 is divided by 10.
2
What is the remainder when 105 is divided by 15?
0
Calculate the remainder when 41 is divided by 11.
8
Calculate the remainder when 575 is divided by 119.
99
Calculate the remainder when 1709 is divided by 9.
8
What is the remainder when 435 is divided by 11?
6
Calculate the remainder when 905 is divided by 26.
21
What is the remainder when 1030 is divided by 22?
18
Calculate the remainder when 5338 is divided by 58.
2
Calculate the remainder when 303 is divided by 19.
18
What is the remainder when 877 is divided by 40?
37
What is the remainder when 3245 is divided by 1076?
17
What is the remainder when 49 is divided by 15?
4
What is the remainder when 154 is divided by 41?
31
What is the remainder when 2335 is divided by 123?
121
Calculate the remainder when 529 is divided by 67.
60
Calculate the remainder when 483 is divided by 126.
105
What is the remainder when 55 is divided by 34?
21
What is the remainder when 40 is divided by 15?
10
What is the remainder when 1110 is divided by 90?
30
What is the remainder when 1080 is divided by 351?
27
Calculate the remainder when 758 is divided by 33.
32
What is the remainder when 8286 is divided by 8279?
7
Calculate the remainder when 653 is divided by 85.
58
What is the remainder when 1817 is divided by 96?
89
Calculate the remainder when 34 is divided by 22.
12
What is the remainder when 436 is divided by 146?
144
Calculate the remainder when 161 is divided by 32.
1
What is the remainder when 9101 is divided by 46?
39
What is the remainder when 629 is divided by 159?
152
Calculate the remainder when 97 is divided by 16.
1
Calculate the remainder when 269 is divided by 69.
62
Calculate the remainder when 1214 is divided by 46.
18
Calculate the remainder when 301 is divided by 110.
81
What is the remainder when 185 is divided by 11?
9
What is the remainder when 763 is divided by 12?
7
What is the remainder when 206 is divided by 105?
101
Calculate the remainder when 3275 is divided by 7.
6
Calculate the remainder when 856 is divided by 172.
168
Calculate the remainder when 102 is divided by 16.
6
What is the remainder when 580 is divided by 185?
25
Calculate the remainder when 228 is divided by 26.
20
Calculate the remainder when 117 is divided by 36.
9
What is the remainder when 1290 is divided by 92?
2
Calculate the remainder when 506 is divided by 64.
58
What is the remainder when 84 is divided by 41?
2
Calculate the remainder when 484 is divided by 227.
30
Calculate the remainder when 228 is divided by 59.
51
What is the remainder when 3525 is divided by 114?
105
What is the remainder when 344 is divided by 69?
68
What is the remainder when 29 is divided by 18?
11
Calculate the remainder when 107 is divided by 11.
8
Calculate the remainder when 164 is divided by 43.
35
What is the remainder when 578 is divided by 58?
56
Calculate the remainder when 766 is divided by 275.
216
What is the remainder when 20568 is divided by 17?
15
What is the remainder when 309 is divided by 62?
61
Calculate the remainder when 418 is divided by 30.
28
Calculate the remainder when 643 is divided by 43.
41
What is the remainder when 23130 is divided by 33?
30
Calculate the remainder when 1304 is divided by 74.
46
What is the remainder when 232 is divided by 39?
37
Calculate the remainder when 615 is divided by 22.
21
What is the remainder when 919 is divided by 446?
27
Calculate the remainder when 80 is divided by 9.
8
Calculate the remainder when 3413 is divided by 14.
11
What is the remainder when 1118 is divided by 15?
8
Calculate the remainder when 447 is divided by 76.
67
Calculate the remainder when 99 is divided by 26.
21
Calculate the remainder when 669 is divided by 21.
18
Calculate the remainder when 68 is divided by 6.
2
What is the remainder when 139 is divided by 12?
7
What is the remainder when 69 is divided by 39?
30
Calculate the remainder when 85 is divided by 80.
5
Calculate the remainder when 163 is divided by 89.
74
What is the remainder when 10505 is divided by 292?
285
Calculate the remainder when 15478 is divided by 43.
41
Calculate the remainder when 74951 is divided by 27.
26
What is the remainder when 79814 is divided by 11?
9
Calculate the remainder when 6897 is divided by 115.
112
Calculate the remainder when 159 is divided by 82.
77
Calculate the remainder when 462 is divided by 175.
112
What is the remainder when 5381 is divided by 117?
116
Calculate the remainder when 65 is divided by 14.
9
Calculate the remainder when 3502 is divided by 41.
17
What is the remainder when 3926 is divided by 152?
126
Calculate the remainder when 3195 is divided by 68.
67
What is the remainder when 151 is divided by 43?
22
Calculate the remainder when 48 is divided by 11.
4
What is the remainder when 161 is divided by 54?
53
What is the remainder when 94 is divided by 11?
6
Calculate the remainder when 368 is divided by 54.
44
What is the remainder when 88 is divided by 30?
28
What is the remainder when 72 is divided by 30?
12
Calculate the remainder when 15 is divided by 10.
5
Calculate the remainder when 1471 is divided by 244.
7
What is the remainder when 220 is divided by 85?
50
What is the remainder when 2019 is divided by 2007?
12
What is the remainder when 3143 is divided by 117?
101
What is the remainder when 3254 is divided by 88?
86
What is the remainder when 238 is divided by 35?
28
What is the remainder when 15315 is divided by 4?
3
Calculate the remainder when 1252 is divided by 42.
34
What is the remainder when 141 is divided by 91?
50
What is the remainder when 46896 is di